 {"id":102,"date":"2024-06-19T18:17:56","date_gmt":"2024-06-19T18:17:56","guid":{"rendered":"https:\/\/cremeriasdelbarrio.com\/?page_id=102"},"modified":"2024-07-03T18:44:58","modified_gmt":"2024-07-03T18:44:58","slug":"franquicias","status":"publish","type":"page","link":"https:\/\/cremeriasdelbarrio.com\/index.php\/franquicias\/","title":{"rendered":"FRANQUICIAS"},"content":{"rendered":"\n<h1 class=\"wp-block-heading has-text-align-center\">Las ventajas de ser parte de Cremer\u00edas Deli Barrio<\/h1>\n\n\n\n<blockquote class=\"wp-block-quote is-layout-flow wp-block-quote-is-layout-flow\">\n<p class=\"has-text-align-center\">\u00a1Son muchas! Ya que te acompa\u00f1amos durante todo el proceso desde el momento de la firma de tu sucursal hasta la apertura* y posteriormente te acompa\u00f1amos d\u00eda a d\u00eda.<br><br>Invierte en marcas en crecimiento y con los mejores montos de inversi\u00f3n del mercado y haz que tu inversi\u00f3n rinda frutos desde el primer d\u00eda en que abres tu negocio.<br><br>Elige tu marca favorita y crece con ella en tu ciudad.<\/p>\n<cite>* Consulta restricciones y diferentes formatos de franquicias.<\/cite><\/blockquote>\n\n\n\n<figure class=\"wp-block-image size-large is-resized\"><img loading=\"lazy\" decoding=\"async\" width=\"1024\" height=\"316\" src=\"https:\/\/cremeriasdelbarrio.com\/wp-content\/uploads\/2024\/07\/FRANQUICIAS-INFORMACION-14_BAJA-1024x316.png\" alt=\"\" class=\"wp-image-138\" style=\"width:839px;height:auto\" srcset=\"https:\/\/cremeriasdelbarrio.com\/wp-content\/uploads\/2024\/07\/FRANQUICIAS-INFORMACION-14_BAJA-1024x316.png 1024w, https:\/\/cremeriasdelbarrio.com\/wp-content\/uploads\/2024\/07\/FRANQUICIAS-INFORMACION-14_BAJA-300x93.png 300w, https:\/\/cremeriasdelbarrio.com\/wp-content\/uploads\/2024\/07\/FRANQUICIAS-INFORMACION-14_BAJA-768x237.png 768w, https:\/\/cremeriasdelbarrio.com\/wp-content\/uploads\/2024\/07\/FRANQUICIAS-INFORMACION-14_BAJA-1536x474.png 1536w, https:\/\/cremeriasdelbarrio.com\/wp-content\/uploads\/2024\/07\/FRANQUICIAS-INFORMACION-14_BAJA-2048x632.png 2048w\" sizes=\"auto, (max-width: 1024px) 100vw, 1024px\" \/><\/figure>\n\n\n\n<div class=\"wpcf7 no-js\" id=\"wpcf7-f128-o1\" lang=\"es-MX\" dir=\"ltr\">\n<div class=\"screen-reader-response\"><p role=\"status\" aria-live=\"polite\" aria-atomic=\"true\"><\/p> <ul><\/ul><\/div>\n<form action=\"\/index.php\/wp-json\/wp\/v2\/pages\/102#wpcf7-f128-o1\" method=\"post\" class=\"wpcf7-form init\" aria-label=\"Formulario de contacto\" novalidate=\"novalidate\" data-status=\"init\">\n<div style=\"display: none;\">\n<input type=\"hidden\" name=\"_wpcf7\" value=\"128\" \/>\n<input type=\"hidden\" name=\"_wpcf7_version\" value=\"5.9.7\" \/>\n<input type=\"hidden\" name=\"_wpcf7_locale\" value=\"es_MX\" \/>\n<input type=\"hidden\" name=\"_wpcf7_unit_tag\" value=\"wpcf7-f128-o1\" \/>\n<input type=\"hidden\" name=\"_wpcf7_container_post\" value=\"0\" \/>\n<input type=\"hidden\" name=\"_wpcf7_posted_data_hash\" value=\"\" \/>\n<\/div>\n<p><label> Nombre<br \/>\n<span class=\"wpcf7-form-control-wrap\" data-name=\"your-name\"><input size=\"40\" maxlength=\"400\" class=\"wpcf7-form-control wpcf7-text wpcf7-validates-as-required\" autocomplete=\"name\" aria-required=\"true\" aria-invalid=\"false\" value=\"\" type=\"text\" name=\"your-name\" \/><\/span><br \/>\n<label> Telefono<br \/>\n<span class=\"wpcf7-form-control-wrap\" data-name=\"your-subject\"><input size=\"40\" maxlength=\"400\" class=\"wpcf7-form-control wpcf7-text wpcf7-validates-as-required\" aria-required=\"true\" aria-invalid=\"false\" value=\"\" type=\"text\" name=\"your-subject\" \/><\/span> <\/label><br \/>\n<label> Correo electr\u00f3nico<br \/>\n<span class=\"wpcf7-form-control-wrap\" data-name=\"your-email\"><input size=\"40\" maxlength=\"400\" class=\"wpcf7-form-control wpcf7-email wpcf7-validates-as-required wpcf7-text wpcf7-validates-as-email\" autocomplete=\"email\" aria-required=\"true\" aria-invalid=\"false\" value=\"\" type=\"email\" name=\"your-email\" \/><\/span> <\/label><br \/>\n<label> Asunto<br \/>\n<span class=\"wpcf7-form-control-wrap\" data-name=\"your-subject\"><input size=\"40\" maxlength=\"400\" class=\"wpcf7-form-control wpcf7-text wpcf7-validates-as-required\" aria-required=\"true\" aria-invalid=\"false\" value=\"\" type=\"text\" name=\"your-subject\" \/><\/span> <\/label><br \/>\n<label> Mensaje (opcional)<br \/>\n<span class=\"wpcf7-form-control-wrap\" data-name=\"your-message\"><textarea cols=\"40\" rows=\"10\" maxlength=\"2000\" class=\"wpcf7-form-control wpcf7-textarea\" aria-invalid=\"false\" name=\"your-message\"><\/textarea><\/span> <\/label><br \/>\n<input class=\"wpcf7-form-control wpcf7-submit has-spinner\" type=\"submit\" value=\"Enviar\" \/><\/label>\n<\/p><div class=\"wpcf7-response-output\" aria-hidden=\"true\"><\/div>\n<\/form>\n<\/div>\n\n","protected":false},"excerpt":{"rendered":"<p>Las ventajas de ser parte de Cremer\u00edas Deli Barrio \u00a1Son muchas! Ya que te acompa\u00f1amos durante todo el proceso desde el momento de la firma de tu sucursal hasta la apertura* y posteriormente te acompa\u00f1amos d\u00eda a d\u00eda. Invierte en marcas en crecimiento y con los mejores montos de inversi\u00f3n del mercado y haz que [&hellip;]<\/p>\n","protected":false},"author":1,"featured_media":0,"parent":0,"menu_order":0,"comment_status":"closed","ping_status":"closed","template":"","meta":{"footnotes":""},"class_list":["post-102","page","type-page","status-publish","hentry"],"_links":{"self":[{"href":"https:\/\/cremeriasdelbarrio.com\/index.php\/wp-json\/wp\/v2\/pages\/102","targetHints":{"allow":["GET"]}}],"collection":[{"href":"https:\/\/cremeriasdelbarrio.com\/index.php\/wp-json\/wp\/v2\/pages"}],"about":[{"href":"https:\/\/cremeriasdelbarrio.com\/index.php\/wp-json\/wp\/v2\/types\/page"}],"author":[{"embeddable":true,"href":"https:\/\/cremeriasdelbarrio.com\/index.php\/wp-json\/wp\/v2\/users\/1"}],"replies":[{"embeddable":true,"href":"https:\/\/cremeriasdelbarrio.com\/index.php\/wp-json\/wp\/v2\/comments?post=102"}],"version-history":[{"count":4,"href":"https:\/\/cremeriasdelbarrio.com\/index.php\/wp-json\/wp\/v2\/pages\/102\/revisions"}],"predecessor-version":[{"id":141,"href":"https:\/\/cremeriasdelbarrio.com\/index.php\/wp-json\/wp\/v2\/pages\/102\/revisions\/141"}],"wp:attachment":[{"href":"https:\/\/cremeriasdelbarrio.com\/index.php\/wp-json\/wp\/v2\/media?parent=102"}],"curies":[{"name":"wp","href":"https:\/\/api.w.org\/{rel}","templated":true}]}}